{"id":2,"date":"2022-05-06T19:29:41","date_gmt":"2022-05-06T19:29:41","guid":{"rendered":"http:\/\/mundonoticias.info\/?page_id=2"},"modified":"2022-05-19T21:09:59","modified_gmt":"2022-05-19T21:09:59","slug":"pagina-ejemplo","status":"publish","type":"page","link":"https:\/\/mundonoticias.info\/","title":{"rendered":"Inicio"},"content":{"rendered":"<style>.wp-show-posts-columns#wpsp-58 {margin-left: -2em; }.wp-show-posts-columns#wpsp-58 .wp-show-posts-inner {margin: 0 0 2em 2em; }<\/style><section id=\"wpsp-58\" class=\" wp-show-posts-columns wp-show-posts\" style=\"\"><article class=\" wp-show-posts-single post-115 post type-post status-publish format-standard has-post-thumbnail hentry category-deportes-argentina-mundo category-argentina wpsp-col-6\" itemtype=\"http:\/\/schema.org\/CreativeWork\" itemscope><div class=\"wp-show-posts-inner\" style=\"\">\t\t\t\t\t\t<header class=\"wp-show-posts-entry-header\">\n\t\t\t\t\t\t\t<h2 class=\"wp-show-posts-entry-title\" itemprop=\"headline\"><a href=\"https:\/\/mundonoticias.info\/?p=115\" rel=\"bookmark\">Este es el titulo de la noticia<\/a><\/h2><div class=\"wp-show-posts-entry-meta wp-show-posts-entry-meta-below-title post-meta-inline\"><span class=\"wp-show-posts-posted-on wp-show-posts-meta\">\n\t\t\t\t\t<a href=\"https:\/\/mundonoticias.info\/?p=115\" title=\"18:45\" rel=\"bookmark\"><time class=\"wp-show-posts-entry-date published\" datetime=\"2024-04-30T18:45:39+00:00\" itemprop=\"datePublished\">30 de abril de 2024<\/time><time class=\"wp-show-posts-updated\" datetime=\"2024-04-30T18:46:55+00:00\" itemprop=\"dateModified\">30 de abril de 2024<\/time><\/a>\n\t\t\t\t<\/span><\/div>\t\t\t\t\t\t<\/header><!-- .entry-header -->\n\t\t\t\t\t\t\t<div class=\"wp-show-posts-image  wpsp-image-center \">\n\t\t\t<a href=\"https:\/\/mundonoticias.info\/?p=115\"  title=\"Este es el titulo de la noticia\">\t\t\t\t\t<img decoding=\"async\" src=\"https:\/\/mundonoticias.info\/wp-content\/uploads\/2022\/05\/biblioteca-750x500.png\" alt=\"Este es el titulo de la noticia\" itemprop=\"image\" class=\"center\" \/>\n\t\t\t\t<\/a>\t\t<\/div>\n\t\t\t\t\t\t\t\t<div class=\"wp-show-posts-entry-summary\" itemprop=\"text\">\n\t\t\t\t\t\t\t<div class=\"mh-excerpt\"><p>Aqu\u00ed va el cuerpo de la noticia. Puedo elegir bloques seg\u00fan lo que necesite y agregarlos, Ej.: P\u00e1rrafo (este), Imagen, Encabezado (para subtitulos que ayudan al posicionamiento de buscadores), galeria&#8230;<\/p>\n<\/div>\t\t\t\t\t\t<\/div><!-- .entry-summary -->\n\t\t\t\t\t<div class=\"wpsp-read-more\"><a title=\"Este es el titulo de la noticia\" class=\"wp-show-posts-read-more\" href=\"https:\/\/mundonoticias.info\/?p=115\">Leer m\u00e1s<\/a><\/div><\/div><!-- wp-show-posts-inner --><\/article><article class=\" wp-show-posts-single post-106 post type-post status-publish format-standard has-post-thumbnail hentry category-noticias-argentina wpsp-col-6\" itemtype=\"http:\/\/schema.org\/CreativeWork\" itemscope><div class=\"wp-show-posts-inner\" style=\"\">\t\t\t\t\t\t<header class=\"wp-show-posts-entry-header\">\n\t\t\t\t\t\t\t<h2 class=\"wp-show-posts-entry-title\" itemprop=\"headline\"><a href=\"https:\/\/mundonoticias.info\/?p=106\" rel=\"bookmark\">De cu\u00e1nto es el piso del impuesto a las Ganancias desde mayo 2023<\/a><\/h2><div class=\"wp-show-posts-entry-meta wp-show-posts-entry-meta-below-title post-meta-inline\"><span class=\"wp-show-posts-posted-on wp-show-posts-meta\">\n\t\t\t\t\t<a href=\"https:\/\/mundonoticias.info\/?p=106\" title=\"23:27\" rel=\"bookmark\"><time class=\"wp-show-posts-entry-date published\" datetime=\"2023-04-25T23:27:59+00:00\" itemprop=\"datePublished\">25 de abril de 2023<\/time><time class=\"wp-show-posts-updated\" datetime=\"2023-04-25T23:41:08+00:00\" itemprop=\"dateModified\">25 de abril de 2023<\/time><\/a>\n\t\t\t\t<\/span><\/div>\t\t\t\t\t\t<\/header><!-- .entry-header -->\n\t\t\t\t\t\t\t<div class=\"wp-show-posts-image  wpsp-image-center \">\n\t\t\t<a href=\"https:\/\/mundonoticias.info\/?p=106\"  title=\"De cu\u00e1nto es el piso del impuesto a las Ganancias desde mayo 2023\">\t\t\t\t\t<img decoding=\"async\" src=\"https:\/\/mundonoticias.info\/wp-content\/uploads\/2023\/04\/images-750x500.jpg\" alt=\"De cu\u00e1nto es el piso del impuesto a las Ganancias desde mayo 2023\" itemprop=\"image\" class=\"center\" \/>\n\t\t\t\t<\/a>\t\t<\/div>\n\t\t\t\t\t\t\t\t<div class=\"wp-show-posts-entry-summary\" itemprop=\"text\">\n\t\t\t\t\t\t\t<div class=\"mh-excerpt\"><p>Los sueldos que superen los 506 mil pesos mensuales y sean inferiores a $ 583.851, tendr\u00e1n una deducci\u00f3n especial incrementada. El nuevo m\u00ednimo no imponible del Impuesto a las Ganancias&#8230;<\/p>\n<\/div>\t\t\t\t\t\t<\/div><!-- .entry-summary -->\n\t\t\t\t\t<div class=\"wpsp-read-more\"><a title=\"De cu\u00e1nto es el piso del impuesto a las Ganancias desde mayo 2023\" class=\"wp-show-posts-read-more\" href=\"https:\/\/mundonoticias.info\/?p=106\">Leer m\u00e1s<\/a><\/div><\/div><!-- wp-show-posts-inner --><\/article><article class=\" wp-show-posts-single post-82 post type-post status-publish format-standard has-post-thumbnail hentry category-santafe-argentina-plitica wpsp-col-6\" itemtype=\"http:\/\/schema.org\/CreativeWork\" itemscope><div class=\"wp-show-posts-inner\" style=\"\">\t\t\t\t\t\t<header class=\"wp-show-posts-entry-header\">\n\t\t\t\t\t\t\t<h2 class=\"wp-show-posts-entry-title\" itemprop=\"headline\"><a href=\"https:\/\/mundonoticias.info\/?p=82\" rel=\"bookmark\">El relato de las v\u00edctimas de la concesionaria c\u00e9ntrica de autos usados<\/a><\/h2><div class=\"wp-show-posts-entry-meta wp-show-posts-entry-meta-below-title post-meta-inline\"><span class=\"wp-show-posts-posted-on wp-show-posts-meta\">\n\t\t\t\t\t<a href=\"https:\/\/mundonoticias.info\/?p=82\" title=\"23:32\" rel=\"bookmark\"><time class=\"wp-show-posts-entry-date published\" datetime=\"2022-11-26T23:32:42+00:00\" itemprop=\"datePublished\">26 de noviembre de 2022<\/time><time class=\"wp-show-posts-updated\" datetime=\"2022-11-26T23:34:45+00:00\" itemprop=\"dateModified\">26 de noviembre de 2022<\/time><\/a>\n\t\t\t\t<\/span><\/div>\t\t\t\t\t\t<\/header><!-- .entry-header -->\n\t\t\t\t\t\t\t<div class=\"wp-show-posts-image  wpsp-image-center \">\n\t\t\t<a href=\"https:\/\/mundonoticias.info\/?p=82\"  title=\"El relato de las v\u00edctimas de la concesionaria c\u00e9ntrica de autos usados\">\t\t\t\t\t<img decoding=\"async\" src=\"https:\/\/mundonoticias.info\/wp-content\/uploads\/2022\/05\/1228700h1800-750x500.jpg\" alt=\"El relato de las v\u00edctimas de la concesionaria c\u00e9ntrica de autos usados\" itemprop=\"image\" class=\"center\" \/>\n\t\t\t\t<\/a>\t\t<\/div>\n\t\t\t\t\t\t\t\t<div class=\"wp-show-posts-entry-summary\" itemprop=\"text\">\n\t\t\t\t\t\t\t<div class=\"mh-excerpt\"><p>Anuncios Momentos de gran tensi\u00f3n se vivieron este viernes por la tarde en un local comercial de calle\u00a0San Luis al 3200, entre Jun\u00edn y Santiago del Estero, donde funciona una&#8230;<\/p>\n<\/div>\t\t\t\t\t\t<\/div><!-- .entry-summary -->\n\t\t\t\t\t<div class=\"wpsp-read-more\"><a title=\"El relato de las v\u00edctimas de la concesionaria c\u00e9ntrica de autos usados\" class=\"wp-show-posts-read-more\" href=\"https:\/\/mundonoticias.info\/?p=82\">Leer m\u00e1s<\/a><\/div><\/div><!-- wp-show-posts-inner --><\/article><article class=\" wp-show-posts-single post-54 post type-post status-publish format-standard has-post-thumbnail hentry category-cultura-santa-fe-argentina category-argentina wpsp-col-6\" itemtype=\"http:\/\/schema.org\/CreativeWork\" itemscope><div class=\"wp-show-posts-inner\" style=\"\">\t\t\t\t\t\t<header class=\"wp-show-posts-entry-header\">\n\t\t\t\t\t\t\t<h2 class=\"wp-show-posts-entry-title\" itemprop=\"headline\"><a href=\"https:\/\/mundonoticias.info\/?p=54\" rel=\"bookmark\">La biblioteca popular \u201cEl Palomar\u201d celebr\u00f3 sus 13 a\u00f1os<\/a><\/h2><div class=\"wp-show-posts-entry-meta wp-show-posts-entry-meta-below-title post-meta-inline\"><span class=\"wp-show-posts-posted-on wp-show-posts-meta\">\n\t\t\t\t\t<a href=\"https:\/\/mundonoticias.info\/?p=54\" title=\"14:56\" rel=\"bookmark\"><time class=\"wp-show-posts-entry-date published\" datetime=\"2022-05-14T14:56:00+00:00\" itemprop=\"datePublished\">14 de mayo de 2022<\/time><time class=\"wp-show-posts-updated\" datetime=\"2022-05-19T21:04:35+00:00\" itemprop=\"dateModified\">19 de mayo de 2022<\/time><\/a>\n\t\t\t\t<\/span><\/div>\t\t\t\t\t\t<\/header><!-- .entry-header -->\n\t\t\t\t\t\t\t<div class=\"wp-show-posts-image  wpsp-image-center \">\n\t\t\t<a href=\"https:\/\/mundonoticias.info\/?p=54\"  title=\"La biblioteca popular \u201cEl Palomar\u201d celebr\u00f3 sus 13 a\u00f1os\">\t\t\t\t\t<img decoding=\"async\" src=\"https:\/\/mundonoticias.info\/wp-content\/uploads\/2022\/05\/biblioteca-750x500.png\" alt=\"La biblioteca popular \u201cEl Palomar\u201d celebr\u00f3 sus 13 a\u00f1os\" itemprop=\"image\" class=\"center\" \/>\n\t\t\t\t<\/a>\t\t<\/div>\n\t\t\t\t\t\t\t\t<div class=\"wp-show-posts-entry-summary\" itemprop=\"text\">\n\t\t\t\t\t\t\t<div class=\"mh-excerpt\"><p>La biblioteca popular recreativa \u201cEl Palomar\u201d fue inaugurada el 9 de mayo de 2009, luego de ser restaurado el edificio que fuera antiguamente un palomar, ubicado en el parque Mitre,&#8230;<\/p>\n<\/div>\t\t\t\t\t\t<\/div><!-- .entry-summary -->\n\t\t\t\t\t<div class=\"wpsp-read-more\"><a title=\"La biblioteca popular \u201cEl Palomar\u201d celebr\u00f3 sus 13 a\u00f1os\" class=\"wp-show-posts-read-more\" href=\"https:\/\/mundonoticias.info\/?p=54\">Leer m\u00e1s<\/a><\/div><\/div><!-- wp-show-posts-inner --><\/article><article class=\" wp-show-posts-single post-42 post type-post status-publish format-standard has-post-thumbnail hentry category-deportes-argentina-mundo category-argentina wpsp-col-6\" itemtype=\"http:\/\/schema.org\/CreativeWork\" itemscope><div class=\"wp-show-posts-inner\" style=\"\">\t\t\t\t\t\t<header class=\"wp-show-posts-entry-header\">\n\t\t\t\t\t\t\t<h2 class=\"wp-show-posts-entry-title\" itemprop=\"headline\"><a href=\"https:\/\/mundonoticias.info\/?p=42\" rel=\"bookmark\">El City inaugur\u00f3 una estatua del \u00abKun\u00bb Ag\u00fcero<\/a><\/h2><div class=\"wp-show-posts-entry-meta wp-show-posts-entry-meta-below-title post-meta-inline\"><span class=\"wp-show-posts-posted-on wp-show-posts-meta\">\n\t\t\t\t\t<a href=\"https:\/\/mundonoticias.info\/?p=42\" title=\"19:54\" rel=\"bookmark\"><time class=\"wp-show-posts-entry-date published\" datetime=\"2022-05-13T19:54:30+00:00\" itemprop=\"datePublished\">13 de mayo de 2022<\/time><time class=\"wp-show-posts-updated\" datetime=\"2022-05-19T21:04:42+00:00\" itemprop=\"dateModified\">19 de mayo de 2022<\/time><\/a>\n\t\t\t\t<\/span><\/div>\t\t\t\t\t\t<\/header><!-- .entry-header -->\n\t\t\t\t\t\t\t<div class=\"wp-show-posts-image  wpsp-image-center \">\n\t\t\t<a href=\"https:\/\/mundonoticias.info\/?p=42\"  title=\"El City inaugur\u00f3 una estatua del \u00abKun\u00bb Ag\u00fcero\">\t\t\t\t\t<img decoding=\"async\" src=\"https:\/\/mundonoticias.info\/wp-content\/uploads\/2022\/05\/1228703h1800-750x500.jpg\" alt=\"El City inaugur\u00f3 una estatua del \u00abKun\u00bb Ag\u00fcero\" itemprop=\"image\" class=\"center\" \/>\n\t\t\t\t<\/a>\t\t<\/div>\n\t\t\t\t\t\t\t\t<div class=\"wp-show-posts-entry-summary\" itemprop=\"text\">\n\t\t\t\t\t\t\t<div class=\"mh-excerpt\"><p>Manchester City cumpli\u00f3 una d\u00e9cada de la conquista del primer t\u00edtulo en la Premier League. Fue el \u00abKun\u00bb qui\u00e9n marc\u00f3 el gol de la victoria ag\u00f3nica ante Queens Park Rangers&#8230;<\/p>\n<\/div>\t\t\t\t\t\t<\/div><!-- .entry-summary -->\n\t\t\t\t\t<div class=\"wpsp-read-more\"><a title=\"El City inaugur\u00f3 una estatua del \u00abKun\u00bb Ag\u00fcero\" class=\"wp-show-posts-read-more\" href=\"https:\/\/mundonoticias.info\/?p=42\">Leer m\u00e1s<\/a><\/div><\/div><!-- wp-show-posts-inner --><\/article><article class=\" wp-show-posts-single post-39 post type-post status-publish format-standard has-post-thumbnail hentry category-argentina category-santafe-argentina-plitica wpsp-col-6\" itemtype=\"http:\/\/schema.org\/CreativeWork\" itemscope><div class=\"wp-show-posts-inner\" style=\"\">\t\t\t\t\t\t<header class=\"wp-show-posts-entry-header\">\n\t\t\t\t\t\t\t<h2 class=\"wp-show-posts-entry-title\" itemprop=\"headline\"><a href=\"https:\/\/mundonoticias.info\/?p=39\" rel=\"bookmark\">Ratifican inversiones para corredor bioce\u00e1nico<\/a><\/h2><div class=\"wp-show-posts-entry-meta wp-show-posts-entry-meta-below-title post-meta-inline\"><span class=\"wp-show-posts-posted-on wp-show-posts-meta\">\n\t\t\t\t\t<a href=\"https:\/\/mundonoticias.info\/?p=39\" title=\"19:52\" rel=\"bookmark\"><time class=\"wp-show-posts-entry-date published\" datetime=\"2022-05-13T19:52:43+00:00\" itemprop=\"datePublished\">13 de mayo de 2022<\/time><time class=\"wp-show-posts-updated\" datetime=\"2022-05-19T21:04:48+00:00\" itemprop=\"dateModified\">19 de mayo de 2022<\/time><\/a>\n\t\t\t\t<\/span><\/div>\t\t\t\t\t\t<\/header><!-- .entry-header -->\n\t\t\t\t\t\t\t<div class=\"wp-show-posts-image  wpsp-image-center \">\n\t\t\t<a href=\"https:\/\/mundonoticias.info\/?p=39\"  title=\"Ratifican inversiones para corredor bioce\u00e1nico\">\t\t\t\t\t<img decoding=\"async\" src=\"https:\/\/mundonoticias.info\/wp-content\/uploads\/2022\/05\/1228651w850h580c-750x500.jpg\" alt=\"Ratifican inversiones para corredor bioce\u00e1nico\" itemprop=\"image\" class=\"center\" \/>\n\t\t\t\t<\/a>\t\t<\/div>\n\t\t\t\t\t\t\t\t<div class=\"wp-show-posts-entry-summary\" itemprop=\"text\">\n\t\t\t\t\t\t\t<div class=\"mh-excerpt\"><p>Al recibir al presidente de Corredores Viales, Gonzalo Atanasof, el gobernador Jorge Capitanich destac\u00f3 el proceso de licitaci\u00f3n para repavimentar la Ruta Nacional n\u00famero 16 entre Makall\u00e9 y Presidencia Roque&#8230;<\/p>\n<\/div>\t\t\t\t\t\t<\/div><!-- .entry-summary -->\n\t\t\t\t\t<div class=\"wpsp-read-more\"><a title=\"Ratifican inversiones para corredor bioce\u00e1nico\" class=\"wp-show-posts-read-more\" href=\"https:\/\/mundonoticias.info\/?p=39\">Leer m\u00e1s<\/a><\/div><\/div><!-- wp-show-posts-inner --><\/article><article class=\" wp-show-posts-single post-34 post type-post status-publish format-standard has-post-thumbnail hentry category-argentina category-noticias-argentina wpsp-col-6\" itemtype=\"http:\/\/schema.org\/CreativeWork\" itemscope><div class=\"wp-show-posts-inner\" style=\"\">\t\t\t\t\t\t<header class=\"wp-show-posts-entry-header\">\n\t\t\t\t\t\t\t<h2 class=\"wp-show-posts-entry-title\" itemprop=\"headline\"><a href=\"https:\/\/mundonoticias.info\/?p=34\" rel=\"bookmark\">Fern\u00e1ndez: \u00abLa inflaci\u00f3n en la Argentina es un mal end\u00e9mico\u00bb<\/a><\/h2><div class=\"wp-show-posts-entry-meta wp-show-posts-entry-meta-below-title post-meta-inline\"><span class=\"wp-show-posts-posted-on wp-show-posts-meta\">\n\t\t\t\t\t<a href=\"https:\/\/mundonoticias.info\/?p=34\" title=\"19:50\" rel=\"bookmark\"><time class=\"wp-show-posts-entry-date published\" datetime=\"2022-05-13T19:50:29+00:00\" itemprop=\"datePublished\">13 de mayo de 2022<\/time><time class=\"wp-show-posts-updated\" datetime=\"2022-05-19T21:04:55+00:00\" itemprop=\"dateModified\">19 de mayo de 2022<\/time><\/a>\n\t\t\t\t<\/span><\/div>\t\t\t\t\t\t<\/header><!-- .entry-header -->\n\t\t\t\t\t\t\t<div class=\"wp-show-posts-image  wpsp-image-center \">\n\t\t\t<a href=\"https:\/\/mundonoticias.info\/?p=34\"  title=\"Fern\u00e1ndez: \u00abLa inflaci\u00f3n en la Argentina es un mal end\u00e9mico\u00bb\">\t\t\t\t\t<img decoding=\"async\" src=\"https:\/\/mundonoticias.info\/wp-content\/uploads\/2022\/05\/1228700h1800-750x500.jpg\" alt=\"Fern\u00e1ndez: \u00abLa inflaci\u00f3n en la Argentina es un mal end\u00e9mico\u00bb\" itemprop=\"image\" class=\"center\" \/>\n\t\t\t\t<\/a>\t\t<\/div>\n\t\t\t\t\t\t\t\t<div class=\"wp-show-posts-entry-summary\" itemprop=\"text\">\n\t\t\t\t\t\t\t<div class=\"mh-excerpt\"><p>\u00abCuando llegu\u00e9 al Gobierno ya alcanzaba el 54%\u00bb, afirm\u00f3 el mandatario en una entrevista que public\u00f3 el diario le Monde. El Presidente se refiri\u00f3 al tema luego de conocerse el&#8230;<\/p>\n<\/div>\t\t\t\t\t\t<\/div><!-- .entry-summary -->\n\t\t\t\t\t<div class=\"wpsp-read-more\"><a title=\"Fern\u00e1ndez: \u00abLa inflaci\u00f3n en la Argentina es un mal end\u00e9mico\u00bb\" class=\"wp-show-posts-read-more\" href=\"https:\/\/mundonoticias.info\/?p=34\">Leer m\u00e1s<\/a><\/div><\/div><!-- wp-show-posts-inner --><\/article><div class=\"wpsp-clear\"><\/div><\/section><!-- .wp-show-posts -->\n","protected":false},"excerpt":{"rendered":"<div class=\"mh-excerpt\"><\/div>","protected":false},"author":1,"featured_media":20,"parent":0,"menu_order":0,"comment_status":"closed","ping_status":"open","template":"","meta":{"om_disable_all_campaigns":false,"_mi_skip_tracking":false,"footnotes":""},"aioseo_notices":[],"_links":{"self":[{"href":"https:\/\/mundonoticias.info\/index.php?rest_route=\/wp\/v2\/pages\/2"}],"collection":[{"href":"https:\/\/mundonoticias.info\/index.php?rest_route=\/wp\/v2\/pages"}],"about":[{"href":"https:\/\/mundonoticias.info\/index.php?rest_route=\/wp\/v2\/types\/page"}],"author":[{"embeddable":true,"href":"https:\/\/mundonoticias.info\/index.php?rest_route=\/wp\/v2\/users\/1"}],"replies":[{"embeddable":true,"href":"https:\/\/mundonoticias.info\/index.php?rest_route=%2Fwp%2Fv2%2Fcomments&post=2"}],"version-history":[{"count":2,"href":"https:\/\/mundonoticias.info\/index.php?rest_route=\/wp\/v2\/pages\/2\/revisions"}],"predecessor-version":[{"id":59,"href":"https:\/\/mundonoticias.info\/index.php?rest_route=\/wp\/v2\/pages\/2\/revisions\/59"}],"wp:featuredmedia":[{"embeddable":true,"href":"https:\/\/mundonoticias.info\/index.php?rest_route=\/wp\/v2\/media\/20"}],"wp:attachment":[{"href":"https:\/\/mundonoticias.info\/index.php?rest_route=%2Fwp%2Fv2%2Fmedia&parent=2"}],"curies":[{"name":"wp","href":"https:\/\/api.w.org\/{rel}","templated":true}]}}